- 2*i = -g + 416, 2*g + 5*i = 837. What is the hundreds digit of g?
4
Let y(n) be the first derivative of n**4/4 + 8*n**3/3 + 8*n - 11. What is the units digit of y(-8)?
8
Let z(a) = a**3 - 7*a**2 + 5*a + 8. Let s be z(6). Let v(c) = 6*c + 1. What is the tens digit of v(s)?
1
Suppose 3*c + 52 = c. What is the units digit of ((-16)/(-5))/(c/(-65))?
8
What is the tens digit of (12/16)/((-4)/(-240))?
4
Let u(z) = -z + 19. What is the tens digit of u(-13)?
3
Suppose 11 = 4*o - 5*l, o + 4*l = -l + 9. Suppose 1 - 16 = -3*y + o*j, -4*y = -j - 20. Suppose 1 - 11 = -y*d. What is the units digit of d?
2
Suppose 60 = 4*w - 84. Let j = -23 + w. What is the units digit of j?
3
Let x(g) = -g**2 + 5*g + 8. Let n be x(6). Suppose -m - 4*m + 71 = p, -n*m - 4*p + 32 = 0. What is the units digit of m?
4
Suppose -4 = -2*p, -3*m + 5*p + 97 = 4*p. Let w = m + -16. What is the units digit of w?
7
Let a be ((-3)/6)/(2/(-28)). Suppose -4*z - 3 = -a. What is the units digit of z?
1
Let r(j) = j**3 + 5*j**2 - 7*j - 4. Let q be r(-6). Let h(s) = -q - 5 - 3*s + 6*s. What is the units digit of h(5)?
8
What is the tens digit of (-4 - 4*-6) + -4?
1
Let l = 3 + -1. Suppose 3 + 33 = l*s. Let x = s + -13. What is the units digit of x?
5
Let r = 5 + -2. Suppose d = 5*q - 6, 4*q + 2 = r*d - q. Suppose d*w + 5*v - 62 = -22, 0 = 3*v. What is the units digit of w?
0
Let g be 30/2 + (-8 - -6). What is the units digit of -1 + 1 + (g - 0)?
3
Let n(i) = -1 + i**3 + 3*i - 2*i**2 + 0 - i**3 + 5*i**3. What is the units digit of n(1)?
5
Let l be 2 + -2 - (-1 - 16). Let w = -9 + l. Let a = w + -4. What is the units digit of a?
4
Let k = 21 - 9. Let f be 56/k + 2/6. What is the tens digit of 248/20 + (-2)/f?
1
Suppose 2*i - 53 = -5*x + 40, 5*i - 2*x - 160 = 0. What is the tens digit of i?
3
Let x(j) = j**2 - 6*j + 4. Let k be x(6). Suppose 0 = -0*u - k*u - d + 96, 2*u - 2*d - 38 = 0. What is the tens digit of u?
2
Let s(i) = -i + 10. Let d be s(5). Suppose 4*r = d*p - 5 - 5, 3*p - 6 = -4*r. Suppose p*u + 15 = 5*u. What is the units digit of u?
5
Let t(c) = 48*c**2 - 1. Let b be t(1). Suppose 2*q + 3*l = 10, 5*q - 3*l + 5*l - b = 0. What is the tens digit of q?
1
Suppose -t = 4*t - 160. Suppose -68 - 42 = 5*c. Let f = c + t. What is the units digit of f?
0
Let f = -231 + 405. What is the tens digit of f?
7
Let f(w) = -w**2 - 4*w + 7. Let h be f(-5). Let u(k) = k**h + 0*k**2 + 0 - k + 3. What is the units digit of u(0)?
3
Let v(l) = -l. Suppose 13 - 4 = -4*r + 3*d, 0 = -4*r - d - 29. Let i be v(r). What is the units digit of (15/i - 3)*-44?
2
Suppose 3*m - 8 = -m. Suppose -3*t = -5*z - 153, m*z + 59 = 2*t - 39. What is the units digit of t?
6
Suppose -2*x - 225 + 671 = 0. What is the tens digit of x?
2
Suppose -7*z = -2*z. Suppose i - 62 = -2*f, 5*i + 7*f - 2*f - 300 = z. What is the tens digit of i?
5
Let i(g) = g - 1. Let d be i(6). Suppose 2*j - d*j = 0. Suppose -f + 0*f + 4 = j. What is the units digit of f?
4
Suppose 2*i - 3 = -1. Suppose -5*l + i = -4. What is the units digit of (-6)/l*(-12)/9?
8
Let k(j) = 3*j**2 - 16*j + 17. What is the units digit of k(6)?
9
Suppose -4*n - 4*u + 7 = -3*n, -5 = -5*u. Suppose -3*w + 87 = 4*x, -2*w + 32 + 25 = n*x. What is the tens digit of w?
3
Let z(b) = 20 + 4*b + 6*b - 38 + 15 - b**2. Let w = 8 - 1. What is the tens digit of z(w)?
1
Suppose -2*o + 72 = 16. What is the tens digit of o?
2
Let i(x) = x**3 + 6*x**2 + 4*x - 3. Let k be i(-5). Suppose -5*n + 81 = 3*v, -12 = n - k*n - 2*v. What is the tens digit of n?
1
Suppose 10*d = 11*d - 69. What is the tens digit of d?
6
Let m = -12 - -96. What is the tens digit of m?
8
Let z(m) = m**3 + 7*m**2 + 2. Let j be z(-7). Let k = 6 - j. What is the units digit of k?
4
Suppose 6*m - m - 10 = 0. Let r be 1 - (0 + m) - 2. What is the units digit of r*4/(-3) + -1?
3
Let r = 46 + -18. What is the units digit of r?
8
Let l be 12/(-30) - (-81)/15. Suppose -54 = -2*q + f, -l*q - 4*f = -q - 120. What is the tens digit of q?
2
Suppose -m + 4*z + 8 = 0, 5*z + 8 = -2*m + z. Suppose m = 3*a + 1 - 31. What is the tens digit of a?
1
Let b(x) = x**2 - 4*x + 4. Let n be b(3). Let o = -36 - -40. Let l = o - n. What is the units digit of l?
3
Let a be (-1 - -5)*2/4. Let m(v) = 9*v + 2. What is the units digit of m(a)?
0
Suppose 5 = -2*p + 7*p. Let d be 9/9 - 3*p. What is the tens digit of (-2 + -33)*d/5?
1
What is the tens digit of (-3 - (-102)/18)/(4/78)?
5
Suppose -w + 2 - 8 = 0. What is the tens digit of ((-40)/6)/(w/18)?
2
Let p(x) = x + 1. Let i(f) = -3*f - 14. Let r(w) = i(w) + 4*p(w). Let m be r(7). Let d = m - -8. What is the units digit of d?
5
Let n = 0 - -2. Suppose -n*k + 3*k + 3 = 3*l, 5*k = -3*l + 3. Let m(u) = 10*u**2 - 1. What is the units digit of m(l)?
9
What is the units digit of (-36)/(6/27 + 175/(-180))?
8
Suppose 4*x = -3*h + 18, -3*x + 2 = -2*h - x. What is the units digit of h?
2
Let g(q) = q**3 - 2*q**2 - 3*q + 1. Let b be g(3). Let h = b - 2. What is the units digit of -4*((-9)/(-6))/h?
6
Let a = 106 + -158. What is the units digit of (-5 - a) + (0 - -1)?
8
Let d(f) = -3*f**3 - f**2 - f. Let w be d(-1). Suppose -5*l = -5*n + 20, -2*n + w*n + 5*l = -14. What is the units digit of n?
1
Let k be (-8)/3*(-15)/10. Let x(i) = -i**3 + 5*i**2 + 5*i - 8. What is the units digit of x(k)?
8
Let p be 1/(1 - (-36)/(-34)). Let t be (2 - p) + 2 + -1. What is the units digit of 188/t - 4/10?
9
Let f(q) = -q + 2. Let p be f(0). Let k be (-70)/(-9) - p/(-9). Let j(x) = -x**2 + 8*x + 4. What is the units digit of j(k)?
4
Let y be 2 + ((-7)/1 - -3). What is the tens digit of (y - -3)/(2/48)?
2
Suppose 4*v = -2*v + 210. What is the units digit of v?
5
Let w(z) = z**3 + 6*z**2 - 2*z - 3. Let v be (3 + -1)/(-4 + 2). Let g be (0 - -12)*v/2. What is the units digit of w(g)?
9
Let i = 40 + -29. Let f = 14 + i. What is the tens digit of f?
2
Let h = 10 + 11. What is the tens digit of h?
2
Let v be -1*(-5)/((-20)/(-44)). What is the tens digit of ((-38)/(-6))/(v/66)?
3
Let i(l) be the third derivative of l**4/24 - 5*l**3/6 - 4*l**2. Let s be i(8). Suppose 37 = 5*o - s. What is the units digit of o?
8
Let d be 3 + -1 + -1 + -1. Suppose -4*x = -4*y - 24, d = -y - 0*y + 1. What is the units digit of x?
7
Suppose -4*p + 5*q = -2*p - 71, -2*p + 4*q + 70 = 0. What is the units digit of p?
3
What is the tens digit of 16 - (0 - 2)/(-2)?
1
Let q be 0*(2 + 5/(-2)). Let t = q + 17. Suppose 5*d = -3*m - 0*d + 43, m + 3*d - t = 0. What is the units digit of m?
1
What is the hundreds digit of (214/4)/(3/6)?
1
Let w be (-20 + 3)*(-2 - 0). Suppose -m + w = 19. What is the units digit of m?
5
Let o(m) = -2*m**3 - 2*m**2 - 3*m - 17. What is the hundreds digit of o(-6)?
3
Suppose 4*l - c + 5*c = 172, -2*c - 139 = -3*l. What is the tens digit of l?
4
Let x(r) = r + 1. Let n be x(6). Let y = n - 4. What is the units digit of y?
3
Suppose 0 = -6*l + l + 20. Let z be (1 - -2) + 5 + -8. Suppose z*a = -l*a + 40. What is the units digit of a?
0
Let y = 126 + -76. What is the units digit of y?
0
Let u = 2 + 0. Suppose u*h - 32 = 28. What is the tens digit of h?
3
Let o(m) = m**3 - 6*m**2 + 6*m + 1. What is the units digit of o(5)?
6
Let m(z) = 12*z**2. What is the units digit of m(2)?
8
Let b be (-2)/4 - 21/(-6). Let u = b + -3. Suppose 0*s - s = -v + 9, -v - 5*s - 21 = u. What is the units digit of v?
4
Suppose -14*k = -19*k + 1415. What is the hundreds digit of k?
2
Let w = 9 + -2. Let b = w - -32. What is the tens digit of b?
3
Suppose -i - 4*i + 3*x + 220 = 0, i = 2*x + 51. Suppose 0*g + 5*g - 312 = 3*y, -3*g + 4*y = -196. Let l = g - i. What is the units digit of l?
9
Let r(b) = 16 - b**2 + 2*b - 15 + 2*b**3 - 6*b**3 - b**2. What is the units digit of r(-2)?
1
What is the tens digit of 2/(-4) - 725/(-10)?
7
Let r(u) = -35*u - 22. What is the units digit of r(-3)?
3
Let l = -4 + 10. Let g be l/5*5/2. Suppose g*k + 28 = 5*k. What is the tens digit of k?
1
Let v(f) = f + 4. Let z be v(-3). Let b be 17 - (3 - (0 + z)). Suppose 4*c = c + b. What is the units digit of c?
5
Let z(d) = 1. Let f(u) = 5*u + 7. Let r(h) = 4*h + 7. Let b(i) = -5*f(i) + 6*r(i). Let o(a) = b(a) - 3*z(a). What is the units digit of o(-3)?
7
Let k be 5/((-50)/(-84))*-5. Let q = -7 - k. Suppose -3*u - q = -8*u. What is the units digit of u?
7
Let x(o) = 12*o - 19. What is the tens